a9 - 14?
195
In base 14, what is -4 + -64c?
-652
In base 5, what is -1110 + 34?
-1021
In base 14, what is 8 - 13c?
-134
In base 5, what is -231 - -3?
-223
In base 12, what is -108 + 17?
-b1
In base 6, what is -101 + -12?
-113
In base 13, what is 9 + -55?
-49
In base 7, what is 5 - -2235?
2243
In base 10, what is 140 + -1?
139
In base 10, what is 180 + -10?
170
In base 9, what is 10 - 12?
-2
In base 5, what is 23141 - 4?
23132
In base 11, what is -31 + -4?
-35
In base 16, what is -5a + -9?
-63
In base 10, what is -413 - -1?
-412
In base 5, what is 3 + 423?
431
In base 15, what is 97a + -5?
975
In base 2, what is 1110100 + 10100?
10001000
In base 4, what is -301 + 2?
-233
In base 15, what is 5 + -123d?
-1238
In base 2, what is -1001000001001 + 0?
-1001000001001
In base 6, what is 14 - -10?
24
In base 3, what is -12 - 122221?
-200010
In base 2, what is -101 + 1010101001010?
1010101000101
In base 2, what is -101 + -11100000?
-11100101
In base 14, what is -3130 + -4?
-3134
In base 3, what is -121 - 1101?
-1222
In base 15, what is -4 + 27d?
279
In base 3, what is 1112212 - -21?
1120010
In base 7, what is 200 + -1?
166
In base 12, what is 71 - -3?
74
In base 9, what is -6 - -240?
233
In base 10, what is 4744 - 4?
4740
In base 10, what is -58 - 11?
-69
In base 7, what is 2 + -6536?
-6534
In base 6, what is 341 - -23?
404
In base 9, what is 2 - -31?
33
In base 15, what is -4 - -67?
63
In base 9, what is 20 + 6?
26
In base 12, what is 3a + -6?
34
In base 16, what is 32 - -8?
3a
In base 4, what is -120 - 10?
-130
In base 6, what is -1534 - -35?
-1455
In base 10, what is 315 - 31?
284
In base 9, what is 2483 + -5?
2477
In base 3, what is 10 - 2210?
-2200
In base 12, what is 5 - -12?
17
In base 13, what is 1a - 189?
-16c
In base 4, what is -1 - -10?
3
In base 8, what is 2 - -7?
11
In base 4, what is -11133 + -3?
-11202
In base 6, what is -3 - -140?
133
In base 3, what is -22022 + -1?
-22100
In base 16, what is 1 + 1ef?
1f0
In base 11, what is 130 - 7?
124
In base 13, what is -2 + 7a2?
7a0
In base 14, what is d - -14?
23
In base 10, what is 727 - 5?
722
In base 3, what is -11210 + 211?
-10222
In base 4, what is -3 + 3103?
3100
In base 3, what is -100200 + 101?
-100022
In base 13, what is 79 + -66?
13
In base 11, what is a2 + -34?
69
In base 4, what is 113 + -1133?
-1020
In base 10, what is 3 - -306?
309
In base 2, what is -1 - -1001101011?
1001101010
In base 11, what is -22 + 6?
-17
In base 3, what is -2011 + -11?
-2022
In base 6, what is -2 - -24?
22
In base 13, what is 18 + -359?
-341
In base 5, what is 4 - 13?
-4
In base 6, what is 120 - 3?
113
In base 6, what is -200 - -121?
-35
In base 11, what is -a - -762?
753
In base 3, what is -22111 - -112?
-21222
In base 16, what is 110 - 2?
10e
In base 12, what is -1b5 - 4?
-1b9
In base 7, what is -31 - -2?
-26
In base 16, what is -6 + bf?
b9
In base 6, what is 511 + 0?
511
In base 11, what is -a + 62?
53
In base 14, what is 310 + 5?
315
In base 15, what is -1 - 76?
-77
In base 10, what is 5 + -544?
-539
In base 16, what is -2 + b?
9
In base 3, what is -1 + -200?
-201
In base 16, what is -7 + -33?
-3a
In base 5, what is 243 - -10?
303
In base 12, what is 358 - -3?
35b
In base 8, what is 23 + -1000?
-755
In base 16, what is 16 - -9d?
b3
In base 6, what is 300 + 33?
333
In base 2, what is 10101001100 - 10?
10101001010
In base 8, what is 2430 + -1?
2427
In base 13, what is 2 - 13b0?
-13ab
In base 15, what is 7 + -5?
2
In base 11, what is 57 - -2?
59
In base 4, what is -211221 + 0?
-211221
In base 7, what is -13 + 352?
336
In base 10, what is 200 + 4?
204
In base 4, what is 103300 + 0?
103300
In base 11, what is 7 + -11?
-5
In base 3, what is -121 + 2222?
2101
In base 10, what is 712 - 0?
712
In base 5, what is 4024 - -2?
4031
In base 7, what is 3 + 132?
135
In base 15, what is 14a + 2?
14c
In base 6, what is -15 - 3454?
-3513
In base 3, what is 0 - 21100?
-21100
In base 2, what is -11111111000 - 1010?
-100000000010
In base 4, what is 21 - 2301?
-2220
In base 11, what is 6 - -361?
367
In base 4, what is 1010 + -222?
122
In base 16, what is -f0b + -1?
-f0c
In base 11, what is 5 - 523?
-519
In base 16, what is 3 + -22c?
-229
In base 10, what is -5661 - 4?
-5665
In base 2, what is -100110 - -11?
-100011
In base 14, what is 2 + -2d?
-2b
In base 9, what is 167 - -5?
173
In base 8, what is -103 + 30?
-53
In base 6, what is -2031 - 11?
-2042
In base 11, what is -1 + 16?
15
In base 5, what is 11 - -3144?
3210
In base 6, what is 5 + 154?
203
In base 15, what is c1a + 3?
c1d
In base 7, what is -15 + -24?
-42
In base 5, what is 0 + -40203?
-40203
In base 10, what is -5 - 23?
-28
In base 5, what is 23000 - -2?
23002
In base 3, what is 1222120 - -21?
1222211
In base 5, what is 2131 + 2?
2133
In base 11, what is -57aa - -2?
-57a8
In base 12, what is -2 + -99?
-9b
In base 10, what is 457 + 18?
475
In base 9, what is -5 + 57?
52
In base 6, what is 4 + -3004?
-3000
In base 10, what is 4 + -92?
-88
In base 11, what is 110 + 30?
140
In base 2, what is 1 - -10111?
11000
In base 5, what is -4 + 2120?
2111
In base 3, what is 2 - -2112?
2121
In base 2, what is -11 - 100110?
-101001
In base 6, what is 10 - 52?
-42
In base 12, what is 2 - 247a?
-2478
In base 14, what is -3 + 73?
70
In base 14, what is 14 + 298?
2ac
In base 13, what is -3 - 1b7?
-1ba
In base 7, what is -13 + -10?
-23
In base 2, what is -10 + -1111001010?
-1111001100
In base 9, what is -2 - 24?
-26
In base 11, what is -1 - -75?
74
In base 7, what is 1236 - 16?
1220
In base 15, what is -b - -1c9?
1bd
In base 12, what is 59 + -12?
47
In base 9, what is -6500 - -2?
-6487
In base 4, what is 0 - 1032?
-1032
In base 10, what is 1 - -10?
11
In base 7, what is 1 + -1340?
-1336
In base 10, what is -4 + 151?
147
In base 6, what is -2 - -232?
230
In base 6, what is 342 + 520?
1302
In base 15, what is -1 + -87?
-88
In base 9, what is 462 - 2?
460
In base 11, what is 6 + -12?
-7
In base 16, what is 5a + 3?
5d
In base 2, what is 10001 - 1001010?
-111001
In base 4, what is -3331 - -10?
-3321
In base 13, what is -4 - 15c0?
-15c4
In base 9, what is 1002 + 2?
1004
In base 14, what is -5 - 703?
-708
In base 5, what is 0 + 1?
1
In base 5, what is -34334 + -2?
-34341
In base 10, what is -5 - 160?
-165
In base 16, what is -b - -3e8?
3dd
In base 8, what is 3 + -73?
-70
In base 11, what is 17 - -2a?
46
In base 2, what is -100110 + -11?
-101001
In base 8, what is -507 - 5?
-514
In base 12, what is 2 + -11b4?
-11b2
In base 9, what is 27 + -78?
-51
In base 7, what is -4 - -263?
256
In base 12, what is -3 + 2061?
205a
In base 2, what is 10 - 111?
-101
In base 5, what is 1 - -420?
421
In base 12, what is -61a - 12?
-630
In base 4, what is -12 + 22?
10
In base 3, what is 11 + -2210?
-2122
In base 8, what is -55 - -2?
-53
In base 5, what is 3224 + 4?
3233
In base 16, what is -2 + -d?
-f
In base 6, what is 2 + -1120?
-1114
In base 7, what is -103 + -12?
-115
In base 15, what is -554 - 2?
-556
In base 6, what is 3 - -200?
203
In base 7, what is 32424 + -2?
32422
In base 15, what is -473 + 1?
-472
In base 6, what is 253 - 1?
252
In base 15, what is 3 - 21?
-1d
In base 15, what is -1d1 + 16?
-1ba
In base 11, what is 2 + 2a?
31
In base 4, what is 1032 - -33?
1131
In base 15, what is 483 - 0?
483
In base 12, what is -67 - -1?
-66
In base 12, what is -1ab2 - 5?
-1ab7
In base 4, what is -1131 - 131?
-1322
In base 9, what is 2062 + -4?
2057
In base 11, what is 2 + -448?
-446
In base 14, what is 2d0 - 3?
2cb
In base 15, what is 361 + -3?
35d
In base 5, what is 23 + -2424?
-2401
In base 11, what is 6019 + 3?
6021
In base 15, what is -7 + c?
5
In base 14, what is 1 + 3c2?
3c3
In base 12, what is -2 - 3b?
-41
In base 4, what is 101 - -1103?
1210
In base 4, what is -11203 - 3?
-11212
In base 5, what is -3 + -203?
-211
In base 8, what is -1243 - -5?
-1236
In base 8, what is -123 + 27?
-74
In base 8, what is 667 - 43?
624
In base 14, what is -29 + -1?
-2a
In base 15, what is 2 + -18d?
-18b
In base 2, what is 110 - 111100011?
-111011101
In base 11, what is 6a + -62?
8
In base 12, what is 1 - 2715?
-2714
In base 16, what is -58 + -4?
-5c
In base 16, what is -4 + -36a?
-36e
In base 2, what is -100110011 - -111011?
-11111000
In base 10, what is 29 + 110?
139
In base 9, what is -3 - -315?
312
In base 13, what is 6a - 4?
6